7
List the prime factors of 1169.
7, 167
List the prime factors of 16136.
2, 2017
List the prime factors of 352.
2, 11
List the prime factors of 1146.
2, 3, 191
What are the prime factors of 608?
2, 19
What are the prime factors of 797?
797
What are the prime factors of 850?
2, 5, 17
What are the prime factors of 2028?
2, 3, 13
List the prime factors of 36423.
3, 19, 71
What are the prime factors of 6204?
2, 3, 11, 47
What are the prime factors of 30398?
2, 15199
List the prime factors of 834.
2, 3, 139
List the prime factors of 15007.
43, 349
What are the prime factors of 16262?
2, 47, 173
List the prime factors of 11775.
3, 5, 157
What are the prime factors of 3397?
43, 79
What are the prime factors of 3132?
2, 3, 29
What are the prime factors of 1457?
31, 47
List the prime factors of 8483.
17, 499
List the prime factors of 131481.
3, 7, 2087
List the prime factors of 134496.
2, 3, 467
What are the prime factors of 1750?
2, 5, 7
What are the prime factors of 35681?
31, 1151
List the prime factors of 211.
211
What are the prime factors of 4481?
4481
What are the prime factors of 601?
601
What are the prime factors of 29042?
2, 13, 1117
List the prime factors of 72672.
2, 3, 757
What are the prime factors of 1276?
2, 11, 29
What are the prime factors of 88075?
5, 13, 271
What are the prime factors of 4697?
7, 11, 61
What are the prime factors of 9310?
2, 5, 7, 19
List the prime factors of 4555.
5, 911
What are the prime factors of 5636?
2, 1409
What are the prime factors of 12816?
2, 3, 89
List the prime factors of 15232.
2, 7, 17
What are the prime factors of 82136?
2, 10267
What are the prime factors of 2275?
5, 7, 13
List the prime factors of 1789.
1789
List the prime factors of 2078.
2, 1039
What are the prime factors of 505?
5, 101
What are the prime factors of 85153?
17, 5009
List the prime factors of 1357.
23, 59
List the prime factors of 15277.
15277
What are the prime factors of 14736?
2, 3, 307
What are the prime factors of 10468?
2, 2617
List the prime factors of 1292.
2, 17, 19
List the prime factors of 1757.
7, 251
List the prime factors of 6865.
5, 1373
List the prime factors of 273.
3, 7, 13
What are the prime factors of 2517?
3, 839
What are the prime factors of 5094?
2, 3, 283
List the prime factors of 1984.
2, 31
What are the prime factors of 634?
2, 317
What are the prime factors of 8805?
3, 5, 587
List the prime factors of 18989.
17, 1117
What are the prime factors of 14843?
14843
List the prime factors of 1352.
2, 13
List the prime factors of 19253.
13, 1481
What are the prime factors of 3233?
53, 61
What are the prime factors of 161?
7, 23
What are the prime factors of 793?
13, 61
What are the prime factors of 1427?
1427
List the prime factors of 47943.
3, 7, 761
List the prime factors of 2226.
2, 3, 7, 53
What are the prime factors of 3416?
2, 7, 61
List the prime factors of 42785.
5, 43, 199
List the prime factors of 490.
2, 5, 7
List the prime factors of 2559.
3, 853
What are the prime factors of 4990?
2, 5, 499
List the prime factors of 41403.
3, 37, 373
What are the prime factors of 19473?
3, 6491
List the prime factors of 171282.
2, 3, 28547
What are the prime factors of 1208?
2, 151
What are the prime factors of 10730?
2, 5, 29, 37
What are the prime factors of 2694?
2, 3, 449
List the prime factors of 2658.
2, 3, 443
What are the prime factors of 2003?
2003
What are the prime factors of 28557?
3, 19, 167
List the prime factors of 557.
557
What are the prime factors of 112829?
17, 6637
List the prime factors of 1970.
2, 5, 197
What are the prime factors of 63365?
5, 19, 23, 29
List the prime factors of 14753.
14753
List the prime factors of 685.
5, 137
What are the prime factors of 10026?
2, 3, 557
List the prime factors of 6424.
2, 11, 73
What are the prime factors of 74589?
3, 23, 47
What are the prime factors of 3894?
2, 3, 11, 59
What are the prime factors of 503?
503
What are the prime factors of 16663?
19, 877
List the prime factors of 12154.
2, 59, 103
What are the prime factors of 2055?
3, 5, 137
What are the prime factors of 7772?
2, 29, 67
What are the prime factors of 4061?
31, 131
What are the prime factors of 3260?
2, 5, 163
List the prime factors of 4127.
4127
What are the prime factors of 628?
2, 157
List the prime factors of 262.
2, 131
What are the prime factors of 17835?
3, 5, 29, 41
List the prime factors of 1267.
7, 181
List the prime factors of 79580.
2, 5, 23, 173
List the prime factors of 1647.
3, 61
What are the prime factors of 123849?
3, 11, 139
List the prime factors of 6548.
2, 1637
What are the prime factors of 375?
3, 5
List the prime factors of 275.
5, 11
What are the prime factors of 9664?
2, 151
List the prime factors of 21778.
2, 10889
List the prime factors of 60844.
2, 7, 41, 53
What are the prime factors of 149610?
2, 3, 5, 4987
List the prime factors of 13976.
2, 1747
What are the prime factors of 1840?
2, 5, 23
List the prime factors of 4578.
2, 3, 7, 109
List the prime factors of 87830.
2, 5, 8783
What are the prime factors of 133003?
13, 787
What are the prime factors of 3955?
5, 7, 113
List the prime factors of 190.
2, 5, 19
List the prime factors of 5564.
2, 13, 107
What are the prime factors of 109982?
2, 127, 433
List the prime factors of 15155.
5, 7, 433
List the prime factors of 104187.
3, 34729
What are the prime factors of 1882?
2, 941
List the prime factors of 4910.
2, 5, 491
What are the prime factors of 54248?
2, 6781
List the prime factors of 2696.
2, 337
What are the prime factors of 4618?
2, 2309
List the prime factors of 3561.
3, 1187
What are the prime factors of 17398?
2, 8699
What are the prime factors of 16668?
2, 3, 463
What are the prime factors of 23848?
2, 11, 271
List the prime factors of 96100.
2, 5, 31
What are the prime factors of 11910?
2, 3, 5, 397
List the prime factors of 27804.
2, 3, 7, 331
List the prime factors of 1023.
3, 11, 31
List the prime factors of 1796.
2, 449
What are the prime factors of 3661?
7, 523
List the prime factors of 45473.
37, 1229
What are the prime factors of 6679?
6679
What are the prime factors of 20579?
13, 1583
List the prime factors of 2771.
17, 163
List the prime factors of 71837.
71837
List the prime factors of 6621.
3, 2207
List the prime factors of 70640.
2, 5, 883
List the prime factors of 36717.
3, 12239
What are the prime factors of 2735?
5, 547
List the prime factors of 8978.
2, 67
List the prime factors of 46504.
2, 5813
List the prime factors of 3709.
3709
List the prime factors of 102467.
19, 5393
List the prime factors of 9040.
2, 5, 113
What are the prime factors of 47459?
47459
List the prime factors of 101121.
3, 37, 911
List the prime factors of 9549.
3, 1061
List the prime factors of 867.
3, 17
What are the prime factors of 12113?
12113
List the prime factors of 78005.
5, 15601
List the prime factors of 187570.
2, 5, 18757
List the prime factors of 7980.
2, 3, 5, 7, 19
List the prime factors of 2066.
2, 1033
What are the prime factors of 137?
137
List the prime factors of 3816.
2, 3, 53
What are the prime factors of 2423?
2423
List the prime factors of 1414.
2, 7, 101
What are the prime factors of 17433?
3, 13, 149
What are the prime factors of 1361?
1361
What are the prime factors of 7504?
2, 7, 67
What are the prime factors of 285?
3, 5, 19
List the prime factors of 29804.
2, 7451
What are the prime factors of 928?
2, 29
What are the prime factors of 10879?
11, 23, 43
What are the prime factors of 7609?
7, 1087
List the prime factors of 15385.
5, 17, 181
What are the prime factors of 4581?
3, 509
What are the prime factors of 7197?
3, 2399
What are the prime factors of 7057?
7057
List the prime factors of 321.
3, 107
List the prime factors of 13257.
3, 491
List the prime factors of 7226.
2, 3613
What are the prime factors of 25119?
3, 2791
What are the prime factors of 2372?
2, 593
List the prime factors of 17176.
2, 19, 113
List the prime factors of 18136.
2, 2267
List the prime factors of 6868.
2, 17, 101
What are the prime factors of 1128?
2, 3, 47
List the prime factors of 2608.
2, 163
List the prime factors of 2189.
11, 199
What are the prime factors of 10165?
5, 19, 107
What are the prime factors of 2136?
2, 3, 89
What are the prime factors of 3276?
2, 3, 7, 13
List the prime factors o